{"id":14,"date":"2009-01-21T06:10:11","date_gmt":"2009-01-21T05:10:11","guid":{"rendered":"http:\/\/www.plagosus.net\/blog\/?page_id=14"},"modified":"2009-01-26T07:08:00","modified_gmt":"2009-01-26T06:08:00","slug":"about","status":"publish","type":"page","link":"https:\/\/www.plagosus.net\/blog\/about\/","title":{"rendered":"Biografija"},"content":{"rendered":"<p><img loading=\"lazy\" decoding=\"async\" class=\"alignright size-medium wp-image-78\" style=\"margin-left: 10px;\" title=\"KK Portret\" src=\"http:\/\/www.plagosus.net\/blog\/wp-content\/uploads\/2009\/01\/brankko-300x300.jpg\" alt=\"KK Portret\" width=\"300\" height=\"300\" srcset=\"https:\/\/www.plagosus.net\/blog\/wp-content\/uploads\/2009\/01\/brankko-300x300.jpg 300w, https:\/\/www.plagosus.net\/blog\/wp-content\/uploads\/2009\/01\/brankko.jpg 600w\" sizes=\"(max-width: 300px) 100vw, 300px\" \/><\/p>\n<p style=\"text-align: justify;\">Da ste geek znate od malena, tako da \u0107u Vam ispri\u010dati kako je sve to krenulo u mom slu\u010daju.<\/p>\n<h2 style=\"text-align: center;\">MEHANIKA<\/h2>\n<p style=\"text-align: justify;\">Ro\u0111en sam <a href=\"http:\/\/en.wikipedia.org\/wiki\/October_13\" target=\"_blank\">13. oktobra<\/a> <a href=\"http:\/\/en.wikipedia.org\/wiki\/1987\" target=\"_blank\">1987<\/a>. godine u Kru\u0161evcu. Od malih nogu me je zanimalo kako stvari rade pa sam voleo da rastavljam svoje igra\u010dke. Stalno sam sakupljao delove starih igra\u010daka (elektro-motore, zup\u010danike, \u0161tampane plo\u010de&#8230;) i od njih poku\u0161avao da sastavim neke svoje nove. Voleo sam da pravim neobi\u010dne oblike od kartona i njima nadogra\u0111ujem prethodne. Tako sam \u010desto sa bratom rasturao stare automobil\u010di\u0107e i dogra\u0111ivao im druga\u010dije krovove, haube, spojlere&#8230; A kao farba su slu\u017eili lakovi za nokte koje sam tajno <em>pozaimljivao<\/em> od majke. Tako sam uvek imao jedinstvene igra\u010dke i nikada nije bilo dosadno. Te prepravke su mi bile zanimljive jer je moj otac imao auto servis, pa sam od uvek bio okru\u017een automobilima.<\/p>\n<h2 style=\"text-align: center;\">ELEKTRONIKA<\/h2>\n<p style=\"text-align: justify;\">Posebno su me fascinirale \u0161tampane plo\u010de i ostali elektronski sklopovi, jer nisam razumeo kako sve to radi i sve mi je delovalo <em>svemirski<\/em>. Kom\u0161ija Duca je imao TV servis, pa se u njegovom drvori\u0161tu uvek nalazilo brdo stare elektronike. Imao sam obi\u010daj da satima prevr\u0107em po tim starim delovima i posmatram kako elektri\u010dni vodovi na njima izgledaju kao ulice koje se provla\u010de izme\u0111u visokoh zgrada od tranzistora, kondenzatora, otpornika&#8230;<\/p>\n<h2 style=\"text-align: center;\">IGRICE<\/h2>\n<p style=\"text-align: justify;\">Onda je, jednog dana, moj brat kupio kompjuter. Ako se dobro se\u0107am, bila je to neka 286-ica (sa monohromatskim monitorom i 5.25&#8243; Floppy drajvom). Deca iz cele ulice su se skupljala u njegovoj sobi kako bi odigrali po partiju <a href=\"http:\/\/en.wikipedia.org\/wiki\/Mortal_Kombat_II\" target=\"_blank\">Mortal Kombat<\/a>-a, <a href=\"http:\/\/en.wikipedia.org\/wiki\/Prince_of_Persia_(1989_video_game)\" target=\"_blank\">Prince<\/a>-a i <a href=\"http:\/\/en.wikipedia.org\/wiki\/Street_Fighter_II\" target=\"_blank\">Street Fighter<\/a>-a&#8230; dok smo mi najvi\u0161e vremena provodili uz <a href=\"http:\/\/en.wikipedia.org\/wiki\/Pac-Man\" target=\"_blank\">Pac-Man<\/a>-a, <a href=\"http:\/\/en.wikipedia.org\/wiki\/Sokoban\" target=\"_blank\">Sokoban<\/a> i Supaflex&#8230; Ehh bilo je to ludo vreme&#8230; Iako sam ja tada imao oko 6-7 godina, dosa\u0111ivao sam roditeljima da i meni kupe kompjuter. Onda sam jednog dana dobio <a href=\"http:\/\/en.wikipedia.org\/wiki\/Nintendo_Entertainment_System\" target=\"_blank\">Nintendo<\/a> na kome smo, svi familijarno, po\u010deli da mlatimo <a href=\"http:\/\/en.wikipedia.org\/wiki\/Super_Mario_Bros.\" target=\"_blank\">Super Mario<\/a>, <a href=\"http:\/\/en.wikipedia.org\/wiki\/Dr._Mario_(video_game)\" target=\"_blank\">Dr. Mario<\/a>, <a href=\"http:\/\/en.wikipedia.org\/wiki\/Battle_City_(video_game)\" target=\"_blank\">Tenkice<\/a>&#8230; Sve dok nisam kupio <a href=\"http:\/\/en.wikipedia.org\/wiki\/Sega_Mega_Drive\" target=\"_blank\">SEGA Mega Drive<\/a> konzolu. I tako je sve i\u0161lo do <a href=\"http:\/\/en.wikipedia.org\/wiki\/PlayStation\" target=\"_blank\">Sony Play Station<\/a>-a&#8230;<\/p>\n<p style=\"text-align: justify;\">1999-tu je obele\u017eilo <a href=\"http:\/\/anonymz.com\/?http:\/\/www.nato.int\/\" target=\"_blank\">NATO<\/a> bombarvoanje, posle koga sam po\u010deo da se zanimam za mobilne telefone. Posle bombardovanja sam nabavio i svoj prvi GSM aparat. Bio je to \u010duveni Ericsson 688, a potom i prvi mobilni na preklapanje <a href=\"http:\/\/www.gsmarena.com\/motorola_startac_rainbow-77.php\" target=\"_blank\">Motorola StarTAC (Rainbow)<\/a> &#8211; ili &#8216;<em>Papagaj<\/em>&#8216; kako smo ga zvali zbog boje. Nedugo zatim vratilo se interesovanje za ra\u010dunare&#8230;<\/p>\n<h2 style=\"text-align: center;\">RA\u010cUNARI<\/h2>\n<p style=\"text-align: justify;\">Svoj prvi PC kupio sam sa 12 godina, 28.09.2000. god. E tu se pri\u010da tek zahuktava&#8230; Be\u0161e to konfigura\u010dija zasnovana na <a href=\"http:\/\/www.amd.com\/us-en\/Processors\/ProductInformation\/0,,30_118_1260_1217,00.html\" target=\"_blank\">AMD K6\/2<\/a> 400MHz,                  4.2GB, 32MB, 14&#8243;&#8230; U to vreme be\u0161e popularan Win98SE, no ubrzo sam po\u010deo da se intenzivnije zanimam za <a href=\"http:\/\/en.wikipedia.org\/wiki\/DOS\" target=\"_blank\">DOS<\/a> jer smo u \u0161koli po\u010deli da programiramo u <a href=\"http:\/\/en.wikipedia.org\/wiki\/QBasic\" target=\"_blank\">QBASIC<\/a>-u. Posle su se re\u0111ali Win2K, WinME&#8230; uporedo sa interesovanjima za hardware koji sam po\u010deo da \u010da\u010dkam uz brata. Tad je krenulo ono &#8216;rasklopi-sklopi&#8217; zezanje i menjanje raznih komponenti, a kasnije i prve ideje o modovanju&#8230;<\/p>\n<h2 style=\"text-align: center;\">LINUX<\/h2>\n<p style=\"text-align: justify;\">Onda sam po\u010deo da se interesujem za <a href=\"http:\/\/www.linuxo.org\/\" target=\"_blank\">Linux<\/a>, pre svega zbog ideologije <a href=\"http:\/\/www.gnu.org\/philosophy\/free-sw.html\" target=\"_blank\">slobodnog software<\/a>-a. U to vreme se nije pri\u010dalo o pirateriji i legalnim kopijama programa, a i Linux distribucije nisu bile previse <a href=\"http:\/\/en.wikipedia.org\/wiki\/User_Friendly\" target=\"_blank\">korisni\u010dki nastrojane<\/a>,tako da je cimanje sa Linuxom bilo \u010disto entuzijasti\u010dki. Dugo sam poku\u0161avao da do\u0111em u posed kopije neke kod distribucija, ali bezuspe\u0161no. Na samu pomen re\u010di Linux, reakcije su se delile od &#8220;<em>Linu&#8230;sta?<\/em>&#8220;, do &#8220;<em>Ma &#8216;de \u0107e\u0161 s&#8217; tim da se cima\u0161&#8230;<\/em>&#8220;, sve dok se jednog dana nisam dokopao kopije <a href=\"http:\/\/www.redhat.com\/docs\/manuals\/linux\/RHL-7-Manual\/\" target=\"_blank\">RedHat 7.0<\/a> distribucije. Tu je krenulo standardno mu\u010denje oko instalacije, ali posle par sati uspeo sam da mu poka\u017eem <em>ko je gazda<\/em> i sve instaliram i osposobim. Dodu\u0161e, grafi\u010dko okru\u017eenje sam uspeo da podignem samo u rezoluciji od 320&#215;240, tako da sam morao da se igram terminalom. Kasnije su do\u0161li Mandrake, Lindows, SuSE, Gentoo, Slackware, Debian i ostali&#8230;<\/p>\n<h2 style=\"text-align: center;\">WEB<\/h2>\n<p style=\"text-align: justify;\">Te\u0161ko je zamisliti Linux bez veze sa Internetom, a najpopularniji servis je naravno WWW. Prvi susreti sa HTML-om, bili su kroz MS Front Page, a gvirkanjem u kod sticao sam ideju o tome \u010demu \u0161ta slu\u017ei i \u0161ta je tu vi\u0161ak. Posle\u00a0 nekog vremena sam dovoljno stasao za Dreamweaver, a kasnije po\u010deo da kodiram direktno u tekst editoru, jer volim da je kod uredan i pedantan, a svi <a href=\"http:\/\/en.wikipedia.org\/wiki\/WYSIWYG\" target=\"_blank\">WYSIWYG<\/a> generatori ostavljaju brdo sme\u0107a. Tu negde po\u010dinju da se prepli\u0107u moja interesovanja za WEB sa interesovanjima za programiranje, pa po\u010dinjem da u\u010dim i osnove <a href=\"http:\/\/www.php.net\/\" target=\"_blank\">PHP<\/a>-a.<\/p>\n<h2 style=\"text-align: center;\">GIMNAZIJA<\/h2>\n<p style=\"text-align: justify;\">2002. god je do\u0161lo vreme za odluku o upisu srednje \u0161kole. Izbor nije bio nimalo lak, ali sam se na kraju ipak odlu\u010dio za jednu od najboljih \u0161kola u zemlji u to doba &#8211; <a title=\"Gimnazija Kru\u0161evac\" href=\"http:\/\/www.gimnazijaks.edu.rs\/\" target=\"_blank\">Kru\u0161eva\u010dku Gimnaziju<\/a>. Tu je sve krenulo da poprima dozu ozbiljnosti. Na po\u010detku prvog razreda sam u\u010destvovao u akciji razvla\u010denja mre\u017enih kablova radi umre\u017eavanja informati\u010dkih odeljenja i povezivanje istih na Internet. U drugom razredu smo oformili ekipu koja je napravila \u0161kolski WEB sajt. Tre\u0107i razred je ostao obele\u017een u\u010destvovanjem na <a href=\"http:\/\/www.siemens.co.yu\/joinmm\/\" target=\"_blank\">SIEMENS Join Multimedia<\/a> takmi\u010denju, na kome smo pokupili tre\u0107e mesto u na saveznom i \u010detvrto na evropskom nivou. U \u010detvrtom smo se raspustili na samom po\u010detku godine, tako da se uglavnom nismo treznili \ud83d\ude00<\/p>\n<h2 style=\"text-align: center;\">FIZIKA<\/h2>\n<p style=\"text-align: justify;\">Ve\u0107 je trebalo razmi\u0161ljati i o fakultetu, a u to vreme je sinonim za informatiku bio ETF. Bez obzira da li je to Beogradski ili Ni\u0161ki univerzitet, znalo se da je fizika neophodan osnov za bilo kakvo dalje napredovanje. Kako sam i ranije voleo fiziku, krenuo sam intenzivnije da se zanimam za gradivo, pa \u010dak i bio redovan na sekciji iz fizike, a kasnije i astronomije, gde smo redovno pravili manja istra\u017eivanja, pisali seminarske i dr\u017eali predavanja o raznim zanimljivostima o kosmosu i na\u0161oj vasioni. Iako tada\u0161nje gradivo iz fizike nije bilo previ\u0161e povezano sa gradivom iz matematike, a matematika jo\u0161 manje sa informatikom, na sve sam gledao kao <em>\u017ertvu zarad vi\u0161ih ciljeva<\/em> \ud83d\ude42<\/p>\n<h2 style=\"text-align: center;\">DIZAJN<\/h2>\n<p style=\"text-align: justify;\">Lipsum&#8230;<\/p>\n<p style=\"text-align: justify;\">\n<p style=\"text-align: justify;\">\n<p style=\"text-align: right;\"><strong>Writing in progress&#8230;<\/strong><\/p>\n","protected":false},"excerpt":{"rendered":"<p>Da ste geek znate od malena, tako da \u0107u Vam ispri\u010dati kako je sve to krenulo u mom slu\u010daju. MEHANIKA&#8230;<\/p>\n","protected":false},"author":2,"featured_media":0,"parent":0,"menu_order":0,"comment_status":"open","ping_status":"open","template":"","meta":{"footnotes":""},"aioseo_notices":[],"_links":{"self":[{"href":"https:\/\/www.plagosus.net\/blog\/wp-json\/wp\/v2\/pages\/14"}],"collection":[{"href":"https:\/\/www.plagosus.net\/blog\/wp-json\/wp\/v2\/pages"}],"about":[{"href":"https:\/\/www.plagosus.net\/blog\/wp-json\/wp\/v2\/types\/page"}],"author":[{"embeddable":true,"href":"https:\/\/www.plagosus.net\/blog\/wp-json\/wp\/v2\/users\/2"}],"replies":[{"embeddable":true,"href":"https:\/\/www.plagosus.net\/blog\/wp-json\/wp\/v2\/comments?post=14"}],"version-history":[{"count":0,"href":"https:\/\/www.plagosus.net\/blog\/wp-json\/wp\/v2\/pages\/14\/revisions"}],"wp:attachment":[{"href":"https:\/\/www.plagosus.net\/blog\/wp-json\/wp\/v2\/media?parent=14"}],"curies":[{"name":"wp","href":"https:\/\/api.w.org\/{rel}","templated":true}]}}