{"id":24,"date":"2009-01-21T06:13:40","date_gmt":"2009-01-21T05:13:40","guid":{"rendered":"http:\/\/www.plagosus.net\/blog\/?page_id=24"},"modified":"2009-02-25T03:54:11","modified_gmt":"2009-02-25T02:54:11","slug":"curriculum-vitae","status":"publish","type":"page","link":"https:\/\/www.plagosus.net\/blog\/curriculum-vitae\/","title":{"rendered":"CV"},"content":{"rendered":"<h3>Napomena: <span style=\"color: #ff0000;\">Nedovr\u0161ena stranica!<\/span><\/h3>\n<h3>Li\u010dni podaci<\/h3>\n<p>Ime: Branko<br \/>\nPrezime: \u0110urkovi\u0107<br \/>\nDatum ro\u0111enja: 13.10.1987.<\/p>\n<h3>Kontakt<\/h3>\n<p>e-mail: brankko@gmail.com<br \/>\nskype: brankk0<\/p>\n<h3>Obrazovanje<\/h3>\n<p>Matemati\u010dki fakultet, Beograd &#8211; smer Informatika<br \/>\nGimnazija Kru\u0161evac, Prirodno-matemati\u010dki smer<\/p>\n<h3>Radno iskustvo<\/h3>\n<p>PulseOne.org &#8211; General Manager<br \/>\nGreenLeaf Design Studio &#8211; WEB Developer<br \/>\nLinke.rs &#8211; Administratir<br \/>\nFreelance &#8211; Graphic\/WEB Design<br \/>\nFreelance &#8211; Programming<\/p>\n","protected":false},"excerpt":{"rendered":"<p>Napomena: Nedovr\u0161ena stranica! Li\u010dni podaci Ime: Branko Prezime: \u0110urkovi\u0107 Datum ro\u0111enja: 13.10.1987. Kontakt e-mail: brankko@gmail.com skype: brankk0 Obrazovanje Matemati\u010dki fakultet,&#8230;<\/p>\n","protected":false},"author":2,"featured_media":0,"parent":0,"menu_order":0,"comment_status":"closed","ping_status":"closed","template":"","meta":{"footnotes":""},"aioseo_notices":[],"_links":{"self":[{"href":"https:\/\/www.plagosus.net\/blog\/wp-json\/wp\/v2\/pages\/24"}],"collection":[{"href":"https:\/\/www.plagosus.net\/blog\/wp-json\/wp\/v2\/pages"}],"about":[{"href":"https:\/\/www.plagosus.net\/blog\/wp-json\/wp\/v2\/types\/page"}],"author":[{"embeddable":true,"href":"https:\/\/www.plagosus.net\/blog\/wp-json\/wp\/v2\/users\/2"}],"replies":[{"embeddable":true,"href":"https:\/\/www.plagosus.net\/blog\/wp-json\/wp\/v2\/comments?post=24"}],"version-history":[{"count":0,"href":"https:\/\/www.plagosus.net\/blog\/wp-json\/wp\/v2\/pages\/24\/revisions"}],"wp:attachment":[{"href":"https:\/\/www.plagosus.net\/blog\/wp-json\/wp\/v2\/media?parent=24"}],"curies":[{"name":"wp","href":"https:\/\/api.w.org\/{rel}","templated":true}]}}